*z - 5 = 0. Suppose -2*m = -5*m, z*o - 275 = -3*m. Suppose 66 = 4*c - 22. What is the greatest common factor of c and o?
11
Let o(q) = 3*q**3 - 41*q**2 - 14*q + 12. Let y be o(14). Let x be (10/(-3))/((-1)/9). What is the highest common divisor of y and x?
6
Suppose 2*q + 6*s - 2*s = 1104, 1108 = 2*q + 3*s. Suppose w + q = 4*n, -w = -6*w. What is the greatest common factor of 56 and n?
28
Let f be (-8)/(-3) - (-28)/(-42). Suppose f*w - 61 = u, 2*w = -w - u + 89. Calculate the greatest common factor of w and 270.
30
Let q(n) = n**3 + 12*n**2 - n - 13. Let m be q(-12). Let i be (-3)/(m*6/572). Calculate the highest common factor of i and 26.
26
Suppose -50 = 3*y + 2*o - 299, 0 = 5*y - o - 428. Calculate the highest common factor of 17 and y.
17
Let l = 288 + -144. What is the greatest common factor of l and 32?
16
Let a(d) = -6*d - 1 + 3 - 3 - 3*d. Let q be a(1). Let h be (-4 - -2)*(q + 0). What is the highest common divisor of h and 160?
20
Suppose -1617 = -9*j + 4710. What is the highest common factor of j and 37?
37
Suppose -5*n + 347 = 117. Suppose 2*k - n = -3*i, -53 = -i - 3*i - k. Let g be (i/8)/((-5)/(-110)). Calculate the highest common factor of g and 22.
11
Let p be 2/(-14) - (-704)/28. Let c = 35 + -52. Let w = c + p. What is the greatest common divisor of w and 20?
4
Suppose 3*w = -3*c + c + 6293, -2*w - c + 4195 = 0. Suppose -3*s + 0*s - w = 0. Let g be s/(-6) - 2/(-4). What is the highest common factor of g and 13?
13
Suppose -b = -2, -5*u - 2*b = -0*b - 44. Suppose 2*w - u - 16 = 0. What is the highest common divisor of w and 132?
12
Let z = -1262 + 2061. What is the greatest common divisor of 17 and z?
17
Suppose -4*f = -2*f. Let a be -4 + 157 + f + 1. Let n(l) = -3*l - 13. Let d be n(-9). What is the highest common factor of d and a?
14
Let k = 450 - 318. Calculate the greatest common factor of 22 and k.
22
Let i(z) = z**2 - 10*z + 10. Let y be i(8). Let j be 7140/18 - (-4)/y. Suppose -x + j = 2*x. What is the greatest common factor of 12 and x?
12
Let p(s) = -s**2 + 10*s - 12. Let q be p(8). Let w(f) = 15*f**2 - f - 1. Let m be w(-1). Suppose q*j = j + m. Calculate the highest common factor of 5 and j.
5
Let a be (-2370)/(-195) - (-2)/(-13). Calculate the highest common divisor of a and 96.
12
Let g(c) = 22*c + 169. Let l be g(-7). Suppose -12*q = l - 123. Let x = 1 + 0. Calculate the greatest common factor of x and q.
1
Let p be -11 - (-23 - 4 - 11). Suppose 0 = -4*d - 2*n + 82, -5*d - 7*n + 110 = -3*n. Calculate the highest common factor of d and p.
9
Let z(j) = -18*j + j**2 + 7*j + 26 - 10*j - 3. Let m be z(22). Calculate the greatest common divisor of m and 30.
15
Let h(d) = d**3 + 25*d**2 + 23*d - 10. Let t be h(-24). Let j be ((-2)/3)/((-12)/4788). What is the greatest common factor of t and j?
14
Let w = -153 - -307. Let b(g) = 49*g + 161. Let i be b(-3). Calculate the highest common divisor of i and w.
14
Suppose -21*u + 11*u + 140 = 0. Let t be ((-616)/4)/(1 + -2). What is the highest common divisor of t and u?
14
Let g(b) = -b**3 - 6*b**2 - 3*b + 6. Let x be g(-6). Let o(a) = -2*a - 1. Let q be o(-2). Calculate the highest common divisor of q and x.
3
Let k = -277 - -327. Calculate the highest common factor of 10 and k.
10
Let p = -852 - -2209. Calculate the greatest common factor of 23 and p.
23
Suppose 0 = -0*i + 4*i + 64. Let h = 33 + i. What is the highest common factor of h and 119?
17
Let o be 27/(-18)*(168*-1 + -2). What is the greatest common divisor of o and 120?
15
Let l(n) = 18*n**2 + 3*n - 1. Let k be l(2). What is the highest common factor of k and 11?
11
Suppose 0 = -16*v - 94 + 366. Suppose -33 = -4*o + 5*s + 453, s + 2 = 0. What is the highest common factor of o and v?
17
Let i be ((-16)/(-10))/(2/240). What is the highest common factor of 36 and i?
12
Suppose -80 = 5*l - 10*l. Let j(q) = q**2 - 2*q - 19. Let r be j(-9). What is the greatest common factor of r and l?
16
Suppose 143 = 5*d - 92. Let w be 6/21 - d/(-7). Let h = 0 + w. What is the greatest common factor of 14 and h?
7
Suppose 4*g - i - 1363 - 1647 = 0, 5*g = 2*i + 3764. Suppose -3*o - 2*l - g = -8*o, -4*o + 612 = l. What is the greatest common divisor of o and 19?
19
Let t be 10/45 - (-61)/9. Let j = -209 - -210. Calculate the highest common factor of t and j.
1
Suppose -5*q = -v + 3*v - 40, 2*v - 8 = -q. Suppose 4*u - 100 = -5*m, -3*u + q*u = -25. Calculate the highest common factor of m and 6.
6
Let f be -25*(5 - 292/20). Let i be f/(-36)*(-3)/2. Suppose 18 = -4*y + 98. What is the highest common factor of y and i?
10
Let k be 1/4 - (-75)/(-12). Let y(j) = j**3 + 6*j**2 - 6*j. Let v be y(k). Let w = 13 + 77. What is the highest common factor of v and w?
18
Suppose 0*h = -h + 2. Suppose -3*z + 329 = 5*g - 4*z, 4*g + h*z = 266. Suppose -2*i = -3*i + 44. What is the greatest common divisor of i and g?
22
Let z be (-334)/(-4)*5/10*4. Suppose 483 + z = 5*w. Calculate the greatest common divisor of w and 26.
26
Suppose 4*n + 46 - 190 = 0. Let f = 1542 - 1452. What is the highest common divisor of n and f?
18
Let k(h) = h**2 - h + 1. Suppose 3*w - 5*w = 0. Let t be k(w). Let u(y) = 17*y + 1. Let g be u(t). Calculate the greatest common divisor of 12 and g.
6
Suppose 0 = -2*k, 3*c - 70 = 2*k + 218. Suppose -3*l + l = -2*f - 24, -3*f = -5*l + 60. What is the greatest common divisor of c and l?
12
Suppose -4*w - 4*d + 2 = -818, -413 = -2*w - 5*d. What is the greatest common divisor of w and 24?
12
Suppose -3*y - 196 = -5*y. Let k(b) = -b**3 - 3*b**2 + 6*b - 6. Let w be k(-5). Calculate the greatest common factor of w and y.
14
Suppose 5*m = -5*y - 790, 34 = -5*m + 3*y - 788. Let l = 312 + m. What is the greatest common factor of 60 and l?
30
Suppose -31 = -4*d - 3. Let a(t) = 2*t - 3. Let u be a(d). Suppose 6*z - u - 7 = 0. Calculate the greatest common factor of 27 and z.
3
Suppose 5*y - 58 = 82. Suppose -3*r + 7*r = 120. Let b be (-2)/(-3) - r/(-9). Calculate the highest common factor of y and b.
4
Suppose -38*q + 18*q + 4420 = 0. Calculate the greatest common divisor of 13 and q.
13
Let m(j) = j**3 - j**2 - j + 16. Let x be m(0). Let h(f) = 2*f**2 - 66*f + 548. Let k be h(10). Calculate the greatest common factor of k and x.
8
Let s(z) = -z**3 + 10*z**2 - 6*z - 12. Let f be s(9). Suppose -f = -3*g - 0*g. Let v be (2 - -1) + -6 + g. Calculate the highest common divisor of 16 and v.
2
Suppose -4*m + 3*m - 3 = -3*z, -5*m + 13 = -z. Let l = 11 - m. Calculate the highest common divisor of l and 1.
1
Suppose 3*d - 25 - 95 = 0. What is the highest common factor of 140 and d?
20
Let h(o) = 0 + 28*o**2 - 10*o + 0 - 32*o**2 - 8 - o**3. Let y be h(-7). Calculate the highest common divisor of y and 19.
19
Let b be 1/(-2)*(0 - 0). Suppose -3*z + 8*z = b. Suppose -4*h + r + 27 = 0, 4*r = -z*h - h + 11. Calculate the highest common divisor of h and 35.
7
Let g(s) = 197*s + 243. Let m be g(6). Calculate the greatest common factor of m and 57.
57
Let b(w) = 2*w**2 + 7*w + 34. Let t be b(12). What is the greatest common factor of t and 14?
14
Suppose h = 2*o - 43, 5*o - 7*h + 10*h = 135. Calculate the greatest common divisor of o and 186.
6
Suppose 0 = 3*h + k - 617 - 252, 0 = 2*h + 2*k - 586. Suppose -52*l = -53*l + h. What is the greatest common divisor of l and 32?
32
Suppose 2145 = 5*r - i - 2880, -i + 4020 = 4*r. What is the greatest common factor of 15 and r?
15
Suppose -l - 153 = -2*l. Let p = -29 - -46. Calculate the greatest common divisor of l and p.
17
Let n be (14/(-3))/(1*2/(-30)). Suppose -12*j + 11*j = -n. Calculate the greatest common factor of j and 28.
14
Let q(p) = -2*p + 17. Let o(w) = w**3 + 16*w**2 + 14*w - 9. Let h be o(-15). Let i be q(h). Calculate the highest common factor of 5 and i.
5
Let p be (-6)/(-30) - 352/10. Let d be (p/15 - -1)*3/(-2). What is the greatest common divisor of d and 3?
1
Let o(l) = l**2 + 11*l - 20. Let y be o(-15). Let a be (-32)/y + 462/15. Calculate the highest common divisor of 15 and a.
15
Let v = -58 + 103. Suppose 0 = -b + 8*b - 210. What is the highest common divisor of b and v?
15
Let j be 70 + -1*20/(-5). Let p = -36 + j. Calculate the highest common divisor of 19 and p.
19
Let v = 125 + -114. What is the highest common divisor of v and 275?
11
Suppose h - u - 13 = 0, 15*h - 12*h + 4*u - 39 = 0. Ca